se 4?
123
4 (base 8) to base 9
4
What is 25 (base 11) in base 9?
30
212 (base 5) to base 11
52
1101 (base 3) to base 7
52
What is 10 (base 4) in base 11?
4
Convert 0 (base 3) to base 5.
0
What is 2 (base 3) in base 15?
2
Convert -12 (base 3) to base 12.
-5
35 (base 10) to base 6
55
a (base 13) to base 9
11
Convert -5 (base 12) to base 9.
-5
Convert -233 (base 7) to base 15.
-82
What is 19 (base 12) in base 5?
41
Convert -21 (base 7) to base 8.
-17
What is -11 (base 10) in base 14?
-b
-c0 (base 16) to base 3
-21010
Convert 0 (base 13) to base 7.
0
-3 (base 12) to base 6
-3
Convert 1004 (base 5) to base 12.
a9
What is -4 (base 14) in base 2?
-100
What is 112102 (base 3) in base 13?
23c
What is -1 (base 13) in base 6?
-1
Convert 3 (base 13) to base 15.
3
Convert -4 (base 10) to base 9.
-4
What is -51 (base 7) in base 6?
-100
Convert -11 (base 2) to base 10.
-3
-102 (base 6) to base 16
-26
Convert 31 (base 7) to base 12.
1a
Convert 0 (base 10) to base 4.
0
-9 (base 14) to base 9
-10
Convert 1001 (base 2) to base 10.
9
Convert 11020 (base 3) to base 12.
96
1 (base 2) to base 14
1
What is -6 (base 7) in base 16?
-6
What is 606 (base 8) in base 14?
1dc
-3 (base 13) to base 10
-3
Convert -2 (base 3) to base 16.
-2
-3 (base 14) to base 5
-3
What is 3b (base 13) in base 15?
35
What is -b (base 16) in base 2?
-1011
Convert -14 (base 15) to base 14.
-15
-12 (base 4) to base 13
-6
-132 (base 8) to base 16
-5a
40 (base 15) to base 8
74
Convert 155 (base 8) to base 14.
7b
-1 (base 11) to base 9
-1
-7 (base 10) to base 16
-7
Convert 1101110 (base 2) to base 15.
75
Convert -100 (base 2) to base 13.
-4
What is 0 (base 2) in base 12?
0
Convert -10 (base 7) to base 10.
-7
What is -1e (base 15) in base 14?
-21
Convert -1201 (base 3) to base 4.
-232
What is -66 (base 14) in base 5?
-330
What is -2 (base 7) in base 15?
-2
What is -12000 (base 3) in base 11?
-113
What is 32 (base 8) in base 14?
1c
Convert -1 (base 3) to base 15.
-1
-40 (base 15) to base 3
-2020
What is 0 (base 11) in base 5?
0
Convert 2 (base 14) to base 5.
2
What is 12 (base 7) in base 6?
13
What is -3 (base 11) in base 10?
-3
1 (base 5) to base 9
1
16 (base 7) to base 15
d
What is -104 (base 13) in base 9?
-212
Convert -83 (base 16) to base 15.
-8b
Convert -201 (base 7) to base 4.
-1203
What is -125 (base 9) in base 6?
-252
What is 1 (base 7) in base 13?
1
-3 (base 6) to base 8
-3
180 (base 13) to base 4
10101
Convert 204 (base 5) to base 6.
130
100 (base 2) to base 9
4
-2 (base 6) to base 8
-2
What is 18 (base 12) in base 7?
26
Convert 322 (base 6) to base 2.
1111010
Convert 22 (base 10) to base 15.
17
What is -12 (base 3) in base 9?
-5
32 (base 12) to base 16
26
What is 7 (base 9) in base 6?
11
-1 (base 12) to base 2
-1
105 (base 16) to base 13
171
-10 (base 12) to base 5
-22
-11 (base 9) to base 2
-1010
What is 175 (base 11) in base 16?
cb
What is 1222 (base 4) in base 2?
1101010
33 (base 14) to base 4
231
-35 (base 7) to base 15
-1b
Convert 2a (base 12) to base 10.
34
-311 (base 5) to base 7
-144
What is -4 (base 11) in base 3?
-11
Convert 5a (base 13) to base 10.
75
What is 400 (base 6) in base 9?
170
-232 (base 5) to base 6
-151
-12 (base 6) to base 10
-8
1010 (base 3) to base 6
50
20 (base 5) to base 12
a
a (base 14) to base 3
101
Convert -30 (base 8) to base 4.
-120
Convert 6 (base 11) to base 16.
6
What is -2 (base 9) in base 5?
-2
-1e (base 15) to base 7
-41
What is 313 (base 4) in base 12?
47
Convert 1001000 (base 2) to base 16.
48
Convert 2 (base 6) to base 10.
2
-1 (base 8) to base 16
-1
0 (base 15) to base 6
0
What is 44 (base 9) in base 10?
40
10 (base 2) to base 13
2
Convert 73 (base 10) to base 8.
111
-1 (base 6) to base 12
-1
Convert -1000001 (base 2) to base 9.
-72
Convert 100100 (base 2) to base 3.
1100
What is 1 (base 6) in base 10?
1
-2 (base 9) to base 8
-2
What is -61 (base 8) in base 16?
-31
64 (base 14) to base 2
1011000
Convert -1 (base 5) to base 9.
-1
Convert 49 (base 16) to base 3.
2201
What is 21 (base 4) in base 10?
9
10 (base 9) to base 10
9
0 (base 6) to base 8
0
Convert -4 (base 10) to base 4.
-10
What is 2 (base 13) in base 10?
2
What is 2 (base 12) in base 11?
2
-45 (base 14) to base 10
-61
Convert 0 (base 12) to base 13.
0
-1 (base 15) to base 2
-1
What is -121 (base 9) in base 15?
-6a
-6 (base 15) to base 5
-11
Convert 6 (base 12) to base 2.
110
What is 2 (base 10) in base 5?
2
What is 332 (base 4) in base 3?
2022
Convert -19a (base 12) to base 7.
-523
Convert -10 (base 2) to base 11.
-2
What is -10 (base 4) in base 2?
-100
What is 9 (base 14) in base 2?
1001
Convert 1 (base 16) to base 10.
1
Convert -22 (base 9) to base 6.
-32
-20 (base 14) to base 12
-24
What is -2 (base 16) in base 14?
-2
Convert -8 (base 11) to base 14.
-8
Convert 12 (base 7) to base 11.
9
What is -2030 (base 4) in base 13?
-aa
-12 (base 4) to base 14
-6
Convert -1102 (base 4) to base 15.
-57
What is 3 (base 9) in base 5?
3
-95 (base 10) to base 4
-1133
What is -1 (base 4) in base 16?
-1
What is 4 (base 15) in base 16?
4
Convert 4 (base 7) to base 2.
100
-84 (base 10) to base 6
-220
Convert -122 (base 6) to base 7.
-101
2a (base 16) to base 8
52
What is 41 (base 11) in base 6?
113
2113 (base 4) to base 5
1101
-20 (base 6) to base 10
-12
What is -10001010 (base 2) in base 12?
-b6
-49 (base 12) to base 14
-41
What is -100 (base 4) in base 7?
-22
-14 (base 5) to base 4
-21
10 (base 14) to base 15
e
5 (base 10) to base 9
5
74 (base 11) to base 15
56
What is 20 (base 16) in base 10?
32
-12 (base 9) to base 14
-b
71 (base 11) to base 13
60
What is -5 (base 14) in base 3?
-12
Convert -24 (base 10) to base 15.
-19
Convert 33 (base 16) to base 6.
123
Convert 2 (base 7) to base 6.
2
-1 (base 12) to base 7
-1
What is 109 (base 11) in base 16?
82
Convert 1b (base 12) to base 14.
19
What is -171 (base 14) in base 3?
-101221
What is -24 (base 15) in base 11?
-31
What is -58 (base 14) in base 2?
-1001110
1 (base 4) to base 6
1
Convert -55 (base 13) to base 9.
-77
4 (base 16) to base 11
4
-2 (base 16) to base 5
-2
What is 1201 (base 4) in base 10?
97
What is 1110 (base 2) in base 15?
e
50 (base 9) to base 16
2d
4 (base 7) to base 5
4
What is -11 (base 11) in base 5?
-22
Convert -111 (base 3) to base 15.
-d
1 (base 6) to base 14
1
Convert -99 (base 12) to base 7.
-225
Convert -333 (base 8) to base 10.
-219
What is 10212 (base 3) in base 8?
150
What is -21 (base 14) in base 13?
-23
Convert 0 (base 12) to base 9.
0
What is -123 (base 12) in base 16?
-ab
Convert 5 (base 11) to base 14.
5
What is -39 (base 15) in base 6?
-130
What is 0 (base 9) in base 6?
0
1 (base 2) to base 3
1
What is 5 (base 7) in base 16?
5
8 (base 12) to base 4
20
What is -303 (base 4) in base 8?
-63
Convert -7 (base 12) to base 7.
-10
Convert 1f (base 16) to base 2.
11111
Convert 4 (base 16) to base 3.
11
-219 (base 13) to base 12
-260
-5 (base 10) to base 6
-5
What is 20120 (base 3) in base 12?
129
Convert 443 (base 5) to base 6.
323
Convert 0 (base 11) to base 5.
0
-1 (base 9) to base 14
-1
15 (base 16) to base 14
17
What is 4 (base 13) in base 2?
100
Convert 3 (base 13) to base 10.
3
Convert 23 (base 11) to base 8.
31
What is 12 (base 14) in base 16?
10
Convert -4d (base 15) to base 13.
-58
Convert -3 (base 5) to base 14.
-3
What is -110001 (base 2) in base 8?
-61
Convert -11 (base 8) to base 3.
-100
2 (base 14) to base 2
10
-1 (base 10) to base 9
-1
What is 4 (base 10) in base 8?
4
-2 (base 13) to base 16
-2
37 (base 8) to base 5
111
-101 (base 6) to base 13
-2b
What is -122 (base 3) in base 16?
-11
-69 (base 14) to base 5
-333
Convert 0 (base 13) to base 7.
0
11 (base 4) to base 15
5
What is -3 (base 8) in base 3?
-10
20 (base 12) to base 10
24
Convert -1001000 (base 2) to base 5.
-242
Convert 112 (base 10) to base 7.
220
-6 (base 9) to base 2
-110
Convert 19 (base 12) to base 11.
1a
-c7 (base 14) to base 5
-1200
Convert 2 (base 6) to base 4.
2
-4 (base 8) to base 11
-4
Convert -8b (base 13) to base 16.
-73
What is 1 (base 14) in base 10?
1
-14 (base 6) to base 9
-11
-8 (base 12) to base 8
-10
What is -2 (base 5) in base 10?
-2
Convert -1 (base 14) to base 4.
-1
What is 8 (base 13) in base 5?
13
11010011 (base 2) to base 13
133
What is 2 (base 4) in base 5?
2
10 (base 2) to base 14
2
-2a (base 14) to base 2
-100110
Convert 101